. Is r composite?
False
Let u(r) = -r**3 + 4*r**2 + 3*r - 5. Let z be u(5). Let c be (-93)/((-63)/z - 4). Let s = 836 + c. Is s a prime number?
False
Let s(p) = p**3 + 19*p**2 + 9. Let l be s(-18). Let w = 103 - -39. Let z = l - w. Is z prime?
True
Let z(s) = 8*s. Let b be z(1). Suppose -3*h + b = -h. Is 1899/6 + 2/h a composite number?
False
Let f(l) = l**3 - 3*l**2 + 3*l - 6. Let z be f(3). Is (2453/z)/((-10)/(-30)) composite?
True
Suppose 68 = -6*c + 2*c. Let j be (-535)/15 + 4/(-12). Let p = c - j. Is p prime?
True
Let h = -2377 - -8430. Is h a prime number?
True
Let u(h) = 978*h + 2. Let p(x) = -326*x - 1. Let b(g) = -7*p(g) - 2*u(g). Is b(1) a composite number?
True
Let k = 28 + -25. Suppose 0 = -k*f + 4*o + 111 + 11, 0 = 5*f - o - 226. Is f a prime number?
False
Let w(f) = -f + 9. Let k be w(-6). Suppose v = 4*v - k. Suppose v*g - g + 2*l = 272, 5*g = 3*l + 329. Is g composite?
False
Let s(c) = -5*c**3 - 4*c**2. Let r be s(-3). Suppose -r = g - 285. Let w = 335 - g. Is w a composite number?
False
Suppose j + 1166 = 5*d, j = 4*d - 1175 + 243. Is 1/((7 - 5) + d/(-118)) a composite number?
False
Suppose 0 = -3*d - 3*i, -2 + 14 = 2*d - 4*i. Suppose z = d - 0. Suppose -882 = -3*n + n + z*r, -2*n + r = -878. Is n composite?
True
Let w = 1254 - 353. Is w a composite number?
True
Suppose 7 + 3 = 2*b. Suppose b*i + 213 = 8*i. Suppose 4*k - 835 = -i. Is k composite?
False
Let r(m) = -m**2. Let y(n) = 6*n**2 + 5*n - 7. Let u(x) = -5*r(x) - y(x). Let t be u(-6). Is (0 - 2)*t + 59 prime?
False
Let r = -72 + 74. Suppose 3*f - 5411 = -2*z - r*z, -5*f + 8995 = -5*z. Is f a prime number?
True
Suppose 20 = 5*b - 5. Suppose -5*z = -3*j - 804, -565 = -b*z - j + 227. Suppose z = g - 254. Is g prime?
False
Let w(d) = d**3 - 3*d**2 - d + 5. Let y be w(3). Let b(s) = 54*s**2 + s - 5. Is b(y) composite?
True
Let t(i) = i**2 - 12*i + 16. Let u be t(11). Let z be (-11)/u + 9/45. Is (88/(-12))/(z/6) a prime number?
False
Is (9/18)/(7/922292 - 0) composite?
True
Suppose -n - 10 = -6*n. Suppose n*q + 7*q = 4653. Is q composite?
True
Suppose 25*z - 13*z = 54996. Is z prime?
True
Let f = 74 - -257. Is f a prime number?
True
Let g(d) = 252*d**3 + 6*d**2 - 8*d + 9. Is g(2) composite?
True
Suppose -74*j + 485854 = -117024. Is j a prime number?
True
Suppose -4*u + 454 = 46. Suppose -82 = -4*q + u. Is q composite?
True
Let v(h) = -h + 1. Let i be 0 + 1 + 3 - -1. Let m(s) = 30*s - 8. Let k(b) = i*v(b) + m(b). Is k(4) prime?
True
Let v = 14606 - 8103. Is v a composite number?
True
Let y(v) = 4*v - 7. Let x be y(3). Suppose 4*i + x*f - 3*f = 34, 4*i + 3*f - 33 = 0. Let c(g) = 4*g**2 + g - 2. Is c(i) a composite number?
False
Let y(n) = n**2 - 6*n - 1. Let m = -2 + 9. Let b be y(m). Suppose b*v - 220 = 2*v. Is v a prime number?
False
Suppose -5*l = 4*d + 19, d + 5 - 19 = 5*l. Let h(z) = 14*z**2 + 6*z. Let f(w) = -27*w**2 - 11*w - 1. Let p(i) = -3*f(i) - 5*h(i). Is p(l) a composite number?
True
Let l(z) = -30*z + 3. Suppose 0 = 4*a - 1 + 5. Is l(a) a prime number?
False
Is (-90982)/(-24) - 28/(-336) composite?
True
Let v = 11047 + -7254. Is v a composite number?
False
Let d(j) = j**3 + j**2. Let h be d(0). Suppose -f - 4 = -h. Is 4/f*(-1689)/3 a prime number?
True
Suppose 2 = -4*b - 2. Let h be b/(-2)*1530/(-9). Let d = 339 + h. Is d a prime number?
False
Let l(n) = 6*n**2 + n**2 - 5*n + n**3 + 13 + 2*n**2. Is l(-9) a prime number?
False
Suppose -18465 = -w - w + y, 5*w - 46169 = -4*y. Is w a prime number?
False
Suppose 5*i - 22 = -z, -3*z + 0*i = 2*i - 92. Let s be (-1)/((-1)/(-2166)) - -2. Is ((-8)/z)/(1/s) a composite number?
False
Let t(m) = -101*m - 220. Is t(-39) a composite number?
False
Let m(p) = 40*p**2 - 44*p + 27. Is m(10) composite?
True
Let c(g) = -g**2 - 8*g - 10. Let m be c(-5). Suppose 0 = -4*h - m*z + 2584, -4*h + z + 2556 = -z. Is h a prime number?
True
Let i be ((-36)/21)/(4/(-14)). Suppose -i = -2*d - 0. Suppose -c - d*c = 20, 4*c = -3*x + 1207. Is x a prime number?
True
Let b(p) = -15*p**3 + 7*p**2 + 12*p - 21. Is b(-10) composite?
False
Is (3 + (-10)/3)*-6999 composite?
False
Suppose 5*g = 2*x + 3*x + 40, 5*g + 5*x - 30 = 0. Suppose 6 = g*w - 4*w. Suppose -w*n - 3*a - 1182 = -4115, 5881 = 4*n + a. Is n a composite number?
False
Let g = 25556 + -17239. Is g a prime number?
True
Let p be -2 + 3 + (-1)/(-2)*6. Suppose 5*t = p*a - 0*t - 3077, -3*a + t = -2294. Is a composite?
True
Suppose 6 = -2*o, -q + 3*o - 685 = -5357. Is q a composite number?
False
Let b(u) = 23*u**2 - 23*u + 73. Is b(12) a prime number?
True
Suppose 6*q - 3*q - 4*p - 5785 = 0, 4*p = -q + 1939. Is q a composite number?
False
Suppose 6*s - 5*s + 43 = 0. Let z be (-8 - s) + (0 - -2). Let r = z + 22. Is r prime?
True
Let o(g) = g**3 + 7*g**2 - 8*g - 10. Let r be o(-8). Let b = 23 + r. Is 1224/b - (-6)/(-39) composite?
True
Let j be (-56)/14*(-6418)/(-8). Let y = -2249 - j. Suppose 2*h = y + 62. Is h a prime number?
False
Let x(v) = -v**3 + 2*v + 1133. Let d be x(0). Suppose -8*w + d = -1291. Is w a composite number?
True
Suppose -325 = -r - 4*r - 5*w, 5*r - 289 = 4*w. Suppose 7*b - 6 = 4*b. Suppose -y - b = -r. Is y composite?
False
Suppose 0 = -2*k + 5*k - 33. Let r(l) = 11*l**2 - l. Let g(v) = 55*v**2 - 4*v - 1. Let q(z) = k*r(z) - 2*g(z). Is q(5) a prime number?
False
Let a(z) = z**2 - 19*z + 24. Let k be a(18). Let g(y) = -100*y - 105*y + k + 6 + 48*y. Is g(-5) prime?
True
Let m be -1 + 2 + (-4)/(-4). Let s = 3 - -12. Suppose -1 = m*l - s. Is l prime?
True
Let b be ((-1)/(-8))/(7/56). Is 86/1 + 2 + b composite?
False
Let f = 2078 - 580. Let y = f + -441. Is y a composite number?
True
Suppose 0 = 72*w - 37*w - 778225. Is w a composite number?
True
Suppose -4*a - 11508 = -8*a. Suppose -3*q - 4*q + a = 0. Is q a composite number?
True
Let k(w) = w**2 + w - 1. Let o(p) = -580*p**3 + p**2 + p. Let v(d) = -k(d) + o(d). Is v(-1) composite?
True
Suppose 1429 = 7*z - 6810. Is z a prime number?
False
Suppose -181*a = -182*a + 51151. Is a prime?
True
Let b(d) = 7*d**2 - d + 5. Is b(-6) composite?
False
Let a = 2943 + 2564. Is a a composite number?
False
Suppose 0 = -5*g + 2*p - 13, 2*p - 12 = 5*g - p. Let u(m) be the first derivative of 40*m**3/3 - 5*m**2/2 + 4*m - 64. Is u(g) a composite number?
False
Let b be 7/(21/(-278))*-3. Suppose 0 = 2*m - b - 296. Is m composite?
True
Suppose -n - 1 = -3*p, 36 = 4*n + 4*p + 8. Suppose r - 2*r = n*w - 710, 0 = 2*r. Is w a prime number?
False
Let g be (-1171)/3*36/(-12). Let a = 1392 - 2226. Let w = a + g. Is w a prime number?
True
Is (-11)/(-143) + (-4432)/(-13) a composite number?
True
Let i = 26 + -30. Let y be -12*i/24*4. Suppose y*d - 154 = d. Is d prime?
False
Let d(u) = -25*u - 69. Let m be d(-12). Let b be (1 - 2) + (391 - 1). Let l = b - m. Is l a composite number?
True
Let t be ((-8)/(-12))/(3/(-873)). Let j = 123 + t. Is j/(2 - (-20)/(-8)) prime?
False
Suppose 3*x + x - 11791 = -3*y, 0 = -x - 5. Is y composite?
True
Suppose -5629 = -4*b - 5*j, -7040 = b - 6*b - 5*j. Is b composite?
True
Suppose 0 = -4*a + 7*j - 8*j + 26379, 0 = -2*a + 5*j + 13195. Is a a composite number?
True
Is -15878*-2*((-44)/16 - -3) prime?
False
Let l be ((-2037)/(-6) - 6)/(2/20). Suppose 4*s - 8705 = 2*x + l, 4 = 2*x. Is s a prime number?
True
Let p = 184 + 371. Suppose -5*v + p = l, 1090 = -l + 3*l + 5*v. Is l composite?
True
Suppose -3*b + 0 - 18 = -3*m, 2*b = -8. Is ((-870)/(-45))/(m/9) a prime number?
False
Let n(b) = b - 1. Let g be n(7). Suppose 2 = g*x - 10. Suppose 5*m - q - 434 = 272, 0 = 3*m - x*q - 425. Is m a composite number?
True
Suppose -3*w = -6*w + 999. Suppose f + 3*x - 5*x = w, 0 = 2*f - x - 663. Is f prime?
True
Suppose 16 = 2*x - 2*m, -2*x + 4*m = 14 - 36. Suppose -x*y - 55 = -5*h, 5*y + 0*h + 2*h + 48 = 0. Let w(k) = -43*k + 13. Is w(y) a composite number?
False
Let v = 71 + -33. Suppose -v*f + 35*f = -438. Is f composite?
True
Let m(v) = -552*v - 251. Is m(-12) a prime number?
True
Let v(z) = -z**2 + 8*z - 10. Let i be v(6). Is (-12 - 2066)/(i*-1) prime?
True
Suppose 52 + 276 = 4*v - 2*y, 3*v = 4*y + 236. Is v + (0 - (4 - 7)) a prime number?
False
Is (231330/90)/((-1)/(-3)) a composite number?
True
Is (-16 + (2 - -7))*1907/(-1) composite?
True
Let h(n) = -19*n**3 - 9*n**2 - n - 9. Is h(-4) prime?
False
Let d(p) = 107*p - 106. Is d(15) a composite 